{"id":8400,"date":"2018-11-22T16:11:17","date_gmt":"2018-11-22T16:11:19","guid":{"rendered":"https:\/\/likecork.com\/shop\/?post_type=product&#038;p=8400"},"modified":"2023-04-20T17:04:29","modified_gmt":"2023-04-20T17:04:29","slug":"candeeiro-algarvio-de-mesa","status":"publish","type":"product","link":"https:\/\/likecork.com\/shop\/produto\/candeeiro-algarvio-de-mesa\/?lang=pt-pt","title":{"rendered":"Candeeiro algarvio de mesa"},"content":{"rendered":"<ul>\n<li id=\"u1865-9\"><strong>Materiais: <\/strong>aglomerado de corti\u00e7a + barro vidrado<\/li>\n<li id=\"u1865-14\"><strong><strong>Dim.: <\/strong><\/strong>pequeno 26x\u1d1315cm | m\u00e9dio 32,5x\u1d1324,5cm | grande 60x\u1d1324,5cm | extra grande 100x\u1d1324,5cm<\/li>\n<\/ul>\n<div class=\"AccordionPanelContent colelem AccordionPanelContentActive\" role=\"tabpanel\" aria-labelledby=\"u2013-3\">\n<div class=\"AccordionPanelContentClip\">\n<div id=\"u2011\" class=\"clearfix\">\n<div class=\"AccordionPanelContent colelem AccordionPanelContentActive\" role=\"tabpanel\" aria-labelledby=\"u29006-3\">\n<div class=\"AccordionPanelContentClip\"><\/div>\n<\/div>\n<\/div>\n<\/div>\n<\/div>\n","protected":false},"excerpt":{"rendered":"<p>Candeeiro de mesa, composto por um cilindro de aglomerado de corti\u00e7a e um tubo interior em barro vidrado com recortes geom\u00e9tricos, inspirados nos padr\u00f5es das chamin\u00e9s algarvias.<\/p>\n<div class=\"grammarly-disable-indicator\"><\/div>\n","protected":false},"featured_media":6258,"template":"","meta":{"_mi_skip_tracking":false},"product_cat":[190],"product_tag":[193,191,192],"aioseo_notices":[],"_links":{"self":[{"href":"https:\/\/likecork.com\/shop\/wp-json\/wp\/v2\/product\/8400"}],"collection":[{"href":"https:\/\/likecork.com\/shop\/wp-json\/wp\/v2\/product"}],"about":[{"href":"https:\/\/likecork.com\/shop\/wp-json\/wp\/v2\/types\/product"}],"wp:featuredmedia":[{"embeddable":true,"href":"https:\/\/likecork.com\/shop\/wp-json\/wp\/v2\/media\/6258"}],"wp:attachment":[{"href":"https:\/\/likecork.com\/shop\/wp-json\/wp\/v2\/media?parent=8400"}],"wp:term":[{"taxonomy":"product_cat","embeddable":true,"href":"https:\/\/likecork.com\/shop\/wp-json\/wp\/v2\/product_cat?post=8400"},{"taxonomy":"product_tag","embeddable":true,"href":"https:\/\/likecork.com\/shop\/wp-json\/wp\/v2\/product_tag?post=8400"}],"curies":[{"name":"wp","href":"https:\/\/api.w.org\/{rel}","templated":true}]}}