{"id":7941,"date":"2018-11-13T20:46:00","date_gmt":"2018-11-13T20:46:00","guid":{"rendered":"https:\/\/likecork.com\/shop\/a-propos-de-nous\/"},"modified":"2020-05-27T20:48:56","modified_gmt":"2020-05-27T20:48:56","slug":"a-propos-de-nous","status":"publish","type":"page","link":"https:\/\/likecork.com\/shop\/a-propos-de-nous\/?lang=fr","title":{"rendered":"\u00c0 propos de nous"},"content":{"rendered":"<p>[vc_row el_class=&#8221;about-us&#8221; css=&#8221;.vc_custom_1533628481474{margin-right: 0px !important;margin-bottom: 44px !important;margin-left: 0px !important;padding-bottom: 57px !important;background-color: #f5f5f5 !important;}&#8221;][vc_column][vc_column_text]<\/p>\n<h2>Likecork<\/h2>\n<p>Le li\u00e8ge, une ressource naturelle et renouvelable avec des propri\u00e9t\u00e9s sensorielles et une texture unique, qui a toujours fait partie de la culture portugaise.<\/p>\n<p>Likecork est une marque de mobilier et d&#8217;accessoires pour la maison, alliant l&#8217;esprit des traditions portugaises et le respect de la nature en cr\u00e9ant des pi\u00e8ces innovantes et respectueuses de l&#8217;environnement.<\/p>\n<p>Alliant le d\u00e9veloppement durable et le savoir-faire de techniques ancestrales avec esth\u00e9tique et nous vous invitons \u00e0 d\u00e9couvrir le confort et de bien-\u00eatre que seul le li\u00e8ge peut offrir.<\/p>\n<p><strong>C&#8217;est notre d\u00e9fi et notre proposition.<\/strong><\/p>\n<div class=\"grammarly-disable-indicator\"><\/div>\n<div class=\"grammarly-disable-indicator\"><\/div>\n<div class=\"grammarly-disable-indicator\"><\/div>\n<p>[\/vc_column_text][vc_empty_space height=&#8221;53px&#8221;][vc_row_inner el_class=&#8221;row-no-padding&#8221;][vc_column_inner offset=&#8221;vc_col-lg-6 vc_col-md-12&#8243;]<div class=\"bwp-widget-banner default\">\r\n\t\t\r\n\t<div class=\"bg-banner\">\t\t\r\n\t\t<div class=\"banner-wrapper banners\">\r\n\t\t\t<div class=\"bwp-image\">\r\n\t\t\t\t\t\t\t\t<a href=\"#\">\r\n\t\t\t\t\t\t<img src=\"https:\/\/likecork.com\/shop\/wp-content\/uploads\/2018\/10\/cortica.jpg\" alt=\"\"><\/a>\r\n\t\t\t\t\t\t\t<\/div>\r\n\t\t\t<div class=\"banner-wrapper-infor\">\r\n\t\t\t\t\t\t\t\t\t\t\t<\/div>\r\n\t\t<\/div>\r\n\t<\/div>\r\n\t<\/div>\r\n[\/vc_column_inner][vc_column_inner offset=&#8221;vc_col-lg-6 vc_col-md-12&#8243;][vc_column_text]<\/p>\n<h4 id=\"tw-target-text\" class=\"tw-data-text tw-ta tw-text-small\" dir=\"ltr\" data-placeholder=\"Tradu\u00e7\u00e3o\"><span lang=\"fr\">Un cadeau de la nature &#8230; <\/span><\/h4>\n<p>L&#8217;arbre donnant le liege est appel\u00e9 le ch\u00eane-li\u00e8ge. Esp\u00e8ce prot\u00e9g\u00e9e au Portugal depuis le XIIeme si\u00e8cle qui est un ensemble unique de biodiversit\u00e9.<\/p>\n<p>C&#8217;est seulement \u00e0 l&#8217;\u00e2ge de 25 ans du ch\u00eane-li\u00e8ge que le li\u00e8ge peut-\u00eatre retir\u00e9 pour la premi\u00e8re fois, il s\u00b4agit de l&#8217;\u00e9corce du tronc et des branches du ch\u00eane-li\u00e8ge, celui-ci est retir\u00e9 \u00e0 l&#8217;aide d&#8217;une hache par morceaux sans jamais couper ou endommager l&#8217;arbre et ce dans un rituel qui se r\u00e9p\u00e8te l&#8217;\u00e9t\u00e9 et uniquement tous les 9 ans.<\/p>\n<h4 id=\"tw-target-text\" class=\"tw-data-text tw-ta tw-text-medium\" dir=\"ltr\" data-placeholder=\"Tradu\u00e7\u00e3o\"><span lang=\"fr\">Un cadeau de l&#8217;homme &#8230;<\/span><\/h4>\n<p>&#8230;\u201dPenser \u00e0 un objet qui ne soit pas strictement de s\u00e9rie et dot\u00e9 des caract\u00e9ristiques de l\u2019individualit\u00e9 authentique. Cet objet ne peut \u00eatre cr\u00e9\u00e9 \u00e0 partir de rien et ce sera un cadeau\u2026 comme un \u00e9l\u00e9ment qui depuis des temps imm\u00e9moriaux &#8230; le tatouage et les rituels des hommes. qui ont tendance \u00e0 rester et \u00e0 se perp\u00e9tuer au sein d&#8217;une soci\u00e9t\u00e9 homog\u00e8ne et pleinement industrialis\u00e9e.&#8221;<\/p>\n<p style=\"text-align: right;\">\u00c0 Dorfles, Gillo. &#8220;Le design industriel et son esth\u00e9tique&#8221;<\/p>\n<div class=\"grammarly-disable-indicator\"><\/div>\n<div class=\"grammarly-disable-indicator\"><\/div>\n<div class=\"grammarly-disable-indicator\"><\/div>\n<p>[\/vc_column_text][\/vc_column_inner][\/vc_row_inner][vc_empty_space height=&#8221;53px&#8221;][vc_column_text]En combinant le travail artisanal des mati\u00e8res premi\u00e8res traditionnelles avec l&#8217;industrie, likecork fabrique des meubles qui refl\u00e8tent l&#8217;identit\u00e9 et la culture du sud du Portugal de mani\u00e8re moderne et sophistiqu\u00e9e. C&#8217;est l&#8217;offre de Likecork &#8230;<\/p>\n<div class=\"grammarly-disable-indicator\"><\/div>\n<div class=\"grammarly-disable-indicator\"><\/div>\n<p>[\/vc_column_text][\/vc_column][\/vc_row][vc_row][vc_column width=&#8221;1\/3&#8243;][vc_column_text]<\/p>\n<h2>L\u2019artisanat&#8230;<\/h2>\n<p>C&#8217;est un art qui permet au concepteur de tester et d&#8217;ex\u00e9cuter rapidement un projet. L&#8217;\u00e9change de connaissances entre deux mondes, designer et artisan, cette relation personnelle donne naissance aux produits.<\/p>\n<p>La connaissance des techniques sur lesquelles nous explorons les mat\u00e9riaux est sans aucun doute l&#8217;h\u00e9ritage le plus important de l&#8217;\u00e9change, d\u00b4ou d\u00e9coule la g\u00e9n\u00e9tique culturelle et traditionnelle transmise aux nouveaux produits.<\/p>\n<p>&nbsp;<\/p>\n<div class=\"grammarly-disable-indicator\"><\/div>\n<div class=\"grammarly-disable-indicator\"><\/div>\n<div class=\"grammarly-disable-indicator\"><\/div>\n<p>[\/vc_column_text][\/vc_column][vc_column width=&#8221;1\/3&#8243;][vc_column_text]<\/p>\n<h2>Le design&#8230;<\/h2>\n<p>Il \u00e9tablit un pont entre la connaissance artisanale ancestrale associ\u00e9e aux nouvelles technologies et \u00e0 des m\u00e9thodes de travail avec des coefficients de production plus \u00e9lev\u00e9s, sans jamais oublier les formes et les conceptions traditionnelles qui refl\u00e8tent la culture portugaise, qui est l\u2019h\u00e9ritage transmis par nos pi\u00e8ces.<\/p>\n<div class=\"grammarly-disable-indicator\"><\/div>\n<div class=\"grammarly-disable-indicator\"><\/div>\n<div class=\"grammarly-disable-indicator\"><\/div>\n<p>[\/vc_column_text][\/vc_column][vc_column width=&#8221;1\/3&#8243;][vc_column_text]<\/p>\n<h2 id=\"u4739-2\">Portugal&#8230;<\/h2>\n<p>C\u2019est de la p\u00e9ninsule ib\u00e9rique que proviennent 80% des exportations mondiales de produits en li\u00e8ge. Environ 60% des exportations mondiales proviennent du Portugal.<\/p>\n<div class=\"grammarly-disable-indicator\"><\/div>\n<div class=\"grammarly-disable-indicator\"><\/div>\n<div class=\"grammarly-disable-indicator\"><\/div>\n<p>[\/vc_column_text][\/vc_column][\/vc_row]<\/p>\n<div class=\"grammarly-disable-indicator\"><\/div>\n","protected":false},"excerpt":{"rendered":"<p>[vc_row el_class=&#8221;about-us&#8221; css=&#8221;.vc_custom_1533628481474{margin-right: 0px !important;margin-bottom: 44px !important;margin-left: 0px !important;padding-bottom: 57px !important;background-color: #f5f5f5 !important;}&#8221;][vc_column][vc_column_text] Likecork Le li\u00e8ge, une ressource naturelle et renouvelable avec des propri\u00e9t\u00e9s sensorielles et une texture unique, qui a toujours fait partie de la culture portugaise. Likecork est une marque de mobilier et d&#8217;accessoires pour la maison, alliant l&#8217;esprit des traditions portugaises et [&hellip;]<\/p>\n","protected":false},"author":1,"featured_media":0,"parent":0,"menu_order":0,"comment_status":"closed","ping_status":"closed","template":"","meta":{"_mi_skip_tracking":false},"aioseo_notices":[],"_links":{"self":[{"href":"https:\/\/likecork.com\/shop\/wp-json\/wp\/v2\/pages\/7941"}],"collection":[{"href":"https:\/\/likecork.com\/shop\/wp-json\/wp\/v2\/pages"}],"about":[{"href":"https:\/\/likecork.com\/shop\/wp-json\/wp\/v2\/types\/page"}],"author":[{"embeddable":true,"href":"https:\/\/likecork.com\/shop\/wp-json\/wp\/v2\/users\/1"}],"replies":[{"embeddable":true,"href":"https:\/\/likecork.com\/shop\/wp-json\/wp\/v2\/comments?post=7941"}],"version-history":[{"count":7,"href":"https:\/\/likecork.com\/shop\/wp-json\/wp\/v2\/pages\/7941\/revisions"}],"predecessor-version":[{"id":9491,"href":"https:\/\/likecork.com\/shop\/wp-json\/wp\/v2\/pages\/7941\/revisions\/9491"}],"wp:attachment":[{"href":"https:\/\/likecork.com\/shop\/wp-json\/wp\/v2\/media?parent=7941"}],"curies":[{"name":"wp","href":"https:\/\/api.w.org\/{rel}","templated":true}]}}