{"id":6393,"date":"2018-11-03T19:34:30","date_gmt":"2018-11-03T19:34:30","guid":{"rendered":"https:\/\/likecork.com\/shop\/contacto\/"},"modified":"2021-02-17T19:25:13","modified_gmt":"2021-02-17T19:25:13","slug":"contacto","status":"publish","type":"page","link":"https:\/\/likecork.com\/shop\/contacto\/?lang=pt-pt","title":{"rendered":"Contacto"},"content":{"rendered":"<p>[vc_row css=&#8221;.vc_custom_1533636393187{margin-bottom: 96px !important;}&#8221;][vc_column][vc_gmaps link=&#8221;#E-8_JTNDaWZyYW1lJTIwc3JjJTNEJTIyaHR0cHMlM0ElMkYlMkZ3d3cuZ29vZ2xlLmNvbSUyRm1hcHMlMkZlbWJlZCUzRnBiJTNEJTIxMW0xOCUyMTFtMTIlMjExbTMlMjExZDMxODAuNDcxNDI3MjMxMTk1JTIxMmQtOC4wMjUzMzExMzM3NzAwMjclMjEzZDM3LjE0MTQ4ODQ3OTg3OTYzNCUyMTJtMyUyMTFmMCUyMTJmMCUyMTNmMCUyMTNtMiUyMTFpMTAyNCUyMTJpNzY4JTIxNGYxMy4xJTIxM20zJTIxMW0yJTIxMXMweGQxYWIxMTY0MDVlOGJjNyUyNTNBMHg1N2FiYmRiMDIwNTA1NmFjJTIxMnNMb3VsJTI1QzMlMjVBOSUyNTIwRGVzaWduJTI1MjBMYWIlMjE1ZTAlMjEzbTIlMjExc3B0LVBUJTIxMnNwdCUyMTR2MTU5MTUyMzcwOTk2MSUyMTVtMiUyMTFzcHQtUFQlMjEyc3B0JTIyJTIwd2lkdGglM0QlMjI2MDAlMjIlMjBoZWlnaHQlM0QlMjI0NTAlMjIlMjBmcmFtZWJvcmRlciUzRCUyMjAlMjIlMjBzdHlsZSUzRCUyMmJvcmRlciUzQTAlM0IlMjIlMjBhbGxvd2Z1bGxzY3JlZW4lM0QlMjIlMjIlMjBhcmlhLWhpZGRlbiUzRCUyMmZhbHNlJTIyJTIwdGFiaW5kZXglM0QlMjIwJTIyJTNFJTNDJTJGaWZyYW1lJTNF&#8221;][\/vc_column][\/vc_row][vc_row el_class=&#8221;contact-info&#8221;][vc_column offset=&#8221;vc_col-lg-2\/5 vc_col-md-2\/5&#8243;][vc_custom_heading text=&#8221;Contacte-nos&#8221; font_container=&#8221;tag:h2|text_align:justify&#8221; use_theme_fonts=&#8221;yes&#8221;][vc_column_text]<\/p>\n<ul>\n<li><strong>Morada:<\/strong> Likecork<br \/>\nLoul\u00e9 Design Lab<br \/>\nPal\u00e1cio Gama Lobo<br \/>\nRua N. Sra. de F\u00e1tima<br \/>\n8100-259 Loul\u00e9 | Portugal<\/li>\n<li><strong>Tel:<\/strong> (+351) 919 086 852<\/li>\n<li><strong>Email:&nbsp;<\/strong>likecork@likecork.com<\/li>\n<\/ul>\n<div class=\"grammarly-disable-indicator\"><\/div>\n<p>[\/vc_column_text][\/vc_column][\/vc_row][vc_row][vc_column][vc_column_text]<\/p>\n<div class=\"grammarly-disable-indicator\"><\/div>\n<p>[\/vc_column_text][\/vc_column][\/vc_row]<\/p>\n","protected":false},"excerpt":{"rendered":"<p>[vc_row css=&#8221;.vc_custom_1533636393187{margin-bottom: 96px !important;}&#8221;][vc_column][vc_gmaps link=&#8221;#E-8_JTNDaWZyYW1lJTIwc3JjJTNEJTIyaHR0cHMlM0ElMkYlMkZ3d3cuZ29vZ2xlLmNvbSUyRm1hcHMlMkZlbWJlZCUzRnBiJTNEJTIxMW0xOCUyMTFtMTIlMjExbTMlMjExZDMxODAuNDcxNDI3MjMxMTk1JTIxMmQtOC4wMjUzMzExMzM3NzAwMjclMjEzZDM3LjE0MTQ4ODQ3OTg3OTYzNCUyMTJtMyUyMTFmMCUyMTJmMCUyMTNmMCUyMTNtMiUyMTFpMTAyNCUyMTJpNzY4JTIxNGYxMy4xJTIxM20zJTIxMW0yJTIxMXMweGQxYWIxMTY0MDVlOGJjNyUyNTNBMHg1N2FiYmRiMDIwNTA1NmFjJTIxMnNMb3VsJTI1QzMlMjVBOSUyNTIwRGVzaWduJTI1MjBMYWIlMjE1ZTAlMjEzbTIlMjExc3B0LVBUJTIxMnNwdCUyMTR2MTU5MTUyMzcwOTk2MSUyMTVtMiUyMTFzcHQtUFQlMjEyc3B0JTIyJTIwd2lkdGglM0QlMjI2MDAlMjIlMjBoZWlnaHQlM0QlMjI0NTAlMjIlMjBmcmFtZWJvcmRlciUzRCUyMjAlMjIlMjBzdHlsZSUzRCUyMmJvcmRlciUzQTAlM0IlMjIlMjBhbGxvd2Z1bGxzY3JlZW4lM0QlMjIlMjIlMjBhcmlhLWhpZGRlbiUzRCUyMmZhbHNlJTIyJTIwdGFiaW5kZXglM0QlMjIwJTIyJTNFJTNDJTJGaWZyYW1lJTNF&#8221;][\/vc_column][\/vc_row][vc_row el_class=&#8221;contact-info&#8221;][vc_column offset=&#8221;vc_col-lg-2\/5 vc_col-md-2\/5&#8243;][vc_custom_heading text=&#8221;Contacte-nos&#8221; font_container=&#8221;tag:h2|text_align:justify&#8221; use_theme_fonts=&#8221;yes&#8221;][vc_column_text] Morada: Likecork Loul\u00e9 Design Lab Pal\u00e1cio Gama Lobo Rua N. Sra. de F\u00e1tima 8100-259 Loul\u00e9 | Portugal Tel: (+351) 919 086 852 Email:&nbsp;likecork@likecork.com [\/vc_column_text][\/vc_column][\/vc_row][vc_row][vc_column][vc_column_text] [\/vc_column_text][\/vc_column][\/vc_row]<\/p>\n","protected":false},"author":1,"featured_media":0,"parent":0,"menu_order":0,"comment_status":"closed","ping_status":"closed","template":"","meta":{"_mi_skip_tracking":false},"aioseo_notices":[],"_links":{"self":[{"href":"https:\/\/likecork.com\/shop\/wp-json\/wp\/v2\/pages\/6393"}],"collection":[{"href":"https:\/\/likecork.com\/shop\/wp-json\/wp\/v2\/pages"}],"about":[{"href":"https:\/\/likecork.com\/shop\/wp-json\/wp\/v2\/types\/page"}],"author":[{"embeddable":true,"href":"https:\/\/likecork.com\/shop\/wp-json\/wp\/v2\/users\/1"}],"replies":[{"embeddable":true,"href":"https:\/\/likecork.com\/shop\/wp-json\/wp\/v2\/comments?post=6393"}],"version-history":[{"count":16,"href":"https:\/\/likecork.com\/shop\/wp-json\/wp\/v2\/pages\/6393\/revisions"}],"predecessor-version":[{"id":9558,"href":"https:\/\/likecork.com\/shop\/wp-json\/wp\/v2\/pages\/6393\/revisions\/9558"}],"wp:attachment":[{"href":"https:\/\/likecork.com\/shop\/wp-json\/wp\/v2\/media?parent=6393"}],"curies":[{"name":"wp","href":"https:\/\/api.w.org\/{rel}","templated":true}]}}